 the hundreds digit of u?
2
Let z be 5 + 18*(0 + -32). Let t = 882 + z. What is the hundreds digit of t?
3
Let y = -33 + 56. Suppose 1 + 11 = 3*k. Suppose 5*x + 3*r = 25, 0 = -k*r - y + 3. What is the units digit of x?
8
Let j = -4 + 6. Suppose -j*q = 4*h - 12, -h + 6 = 3*q - 2. Suppose 3*k - 6 = k, -2*s + 60 = q*k. What is the tens digit of s?
2
Let p = 324 + -301. What is the tens digit of p?
2
Suppose -3 + 13 = 2*k. Suppose -4*f + k*f - 2 = 0. Suppose 5*t + f*l = 3*l + 15, 0 = 4*l. What is the units digit of t?
3
Suppose -30*w + 28*w + 6288 = 0. What is the units digit of w?
4
Let z = 9 - -1. Let p(h) = h**3 - 8*h**2 - 14*h + 7. What is the tens digit of p(z)?
6
Let t be -1 + 2*(-34)/(-8)*-2. Let r = 64 + t. What is the tens digit of r?
4
Let u(z) be the first derivative of -z**3/3 + 3*z**2/2 - 2*z - 3. Let b be u(2). Suppose -2*s + 28 = 2*g, -5*s + 3*g + 111 - 9 = b. What is the tens digit of s?
1
What is the tens digit of (1246/(-6))/(1*(-3)/18)?
4
Suppose 4*u - 10444 = -4*k, -9*k + 10445 = 4*u - 4*k. What is the tens digit of u?
1
Let t(f) = 15*f + 178. What is the hundreds digit of t(16)?
4
Suppose 2*v = 3*p - 76, 5*p + 11 = 3*v + 127. Let l = v + 43. Suppose 6*u = l*u - 230. What is the tens digit of u?
4
Suppose 0*b + 924 = 4*b. Let j = b - 324. What is the units digit of (-2)/(((-18)/j)/(-3))?
1
Suppose 7478 = 30*s - 6352. What is the units digit of s?
1
Suppose 7*v + 263 = 102. Suppose b = 5*q - 3 - 0, -3*b = -2*q + 35. Let m = b - v. What is the tens digit of m?
1
Let c be 486/11 + (-14)/77. Suppose 0 = 3*l - 182 + c. What is the units digit of l?
6
Let p(n) = 327*n**2 - 9*n - 7. What is the units digit of p(-2)?
9
Let o = 32 + -28. Suppose -o*u - 4*d = -56, 25 = 5*u - d - 33. What is the units digit of u?
2
Let t be ((-7)/(-3))/((-3)/(-9)). Let j(b) be the first derivative of 5*b**2/2 - 10*b + 14. What is the units digit of j(t)?
5
Let z be 2*1 - (-44)/11. Let v be (-2)/6 - (-125)/15. Suppose 0 = 2*i - z - v. What is the units digit of i?
7
Suppose 9*z = -2*z + 407. Let m = 198 - z. What is the units digit of m?
1
Suppose -4109 = -2*j + 16*x - 15*x, 5*x + 6146 = 3*j. What is the units digit of j?
7
Let p(o) = -101*o**3 + 3*o**2 + 2*o + 1. Let f be p(-2). Suppose 4*n + 2*b = 822, 2*b = 4*n + 5*b - f. What is the units digit of n?
8
Let h = -956 - -1410. What is the tens digit of h?
5
Let k = 40 - 34. What is the units digit of (-3)/k*(-72 - -6)?
3
Let a(p) = -3*p - 6. Let f be a(-3). Suppose -f*z - 21 = -84. What is the tens digit of z?
2
What is the units digit of (6 - (12 - -1))/(-1)?
7
What is the units digit of -10 + ((-25)/5 - -1073)?
8
Suppose -3*x + 4*t - t = -30, 3*t + 21 = 2*x. Let p(m) = -m**3 + 15*m**2 + 3*m - 30. Let c be p(15). Let h = c - x. What is the units digit of h?
6
Let p = 6 + 0. Suppose 2*d = 4*h + 8, 2*d - 4*h = -p*h + 2. Suppose -d = -o - 0. What is the units digit of o?
2
Let u be 18/27 - (-26)/6. Suppose i + u*i - 228 = 0. What is the tens digit of i?
3
Let t = -37 + 49. Suppose t = 4*q, -3*y + 2*q + 28 + 65 = 0. What is the tens digit of y?
3
Let t be (-26)/(-7) + (-4)/(-14). Let m(o) = -o**2 - 3*o + 6. Let l be m(t). What is the units digit of l*((-6)/4)/1?
3
Let r(f) = -f**2 + 4*f + 4. Let q be r(5). Let v(z) = -3*z**2. Let j be v(q). What is the tens digit of ((-44)/(-8))/(j/(-6))?
1
Suppose i - 3514 = -4*c, 2*i = 3*c - 4*i - 2649. What is the hundreds digit of c?
8
Let r be 16/(-48)*(-1 + -8). Let d(k) = 9*k**2 - 1. Let y be d(r). Let s = y + -35. What is the units digit of s?
5
Let f = -1 + 8. Suppose -20 = 4*h, 2*o - f*o = 2*h - 875. What is the units digit of o?
7
Let s(o) = -3*o - 1. Let v be s(-1). Let h be (1/2*0)/v. Let j = h + 13. What is the units digit of j?
3
Let c(u) = 19*u**2 - 90*u. What is the units digit of c(8)?
6
Let u = 7 - 0. Suppose -4*a = -u*a + 51. What is the tens digit of a?
1
Suppose -36 - 60 = -8*g. What is the units digit of (-1)/3 - ((-1144)/g)/1?
5
Suppose 5*g - 200 = 240. Let r = g - 13. What is the units digit of r?
5
Let r(v) = 13*v**2 + 44*v + 15. What is the tens digit of r(-7)?
4
Let y be 16/32 - (-1)/(-2)*-17. Suppose 0 = 2*m + y - 27. What is the units digit of m?
9
Suppose -3*m + 4*u = -62, -4*m + 2*u = -19 - 67. Let f be m/(5 + -1 + -2). Suppose f - 71 = -4*z. What is the tens digit of z?
1
Suppose -6*d + 12 = -5*d. Suppose 15*f = d*f + 33. What is the units digit of f?
1
Let k(l) = -11*l + 102. What is the units digit of k(-32)?
4
Let h = 32 + -29. Suppose 0 = v + h*v - 5*d - 117, 5*d = 15. What is the tens digit of v?
3
Suppose -2*v - 223 = 141. Let d = v - -120. Let h = d + 92. What is the tens digit of h?
3
What is the units digit of 12272/18 + (-10)/(-45)?
2
Let g(r) = r + 4. Let f be g(0). Suppose n + 6 = 4*n + f*z, -5*z - 8 = -4*n. Suppose -d - p + 25 = 6, -38 = -n*d - 3*p. What is the tens digit of d?
1
Suppose -r + 4*t - t + 2172 = 0, 4*t - 4 = 0. What is the units digit of r?
5
What is the tens digit of (18/(-18))/(3/(-222))?
7
Let m(u) = -6*u - 12. Let t be m(-8). What is the units digit of (t/(-3))/(-4) + 188?
1
Suppose 4*r = -5*j + 6, 3*r - 17 = 3*j + 1. Suppose -2*w + 5*m - 69 = -3*w, 0 = -2*m + r. What is the tens digit of w?
5
Let k(w) = 2*w**2 - w + 1. Let i(p) = -6*p**2 + 4*p - 3. Let l(u) = -4*i(u) - 11*k(u). What is the units digit of l(-7)?
4
Suppose -5*m + i = -4738, m + 15*i - 18*i - 956 = 0. What is the units digit of m?
7
Let u(q) = -4*q**3 - q**2 + 4*q - 3. Let j be u(-4). Suppose -5*v + j = -44. What is the units digit of v?
3
Let d(s) = -13*s**3 - s**2 + 3*s + 3. Let x be d(-2). Suppose -x = -7*l + 57. What is the tens digit of l?
2
Let b(d) = -220*d + 51. Let g(s) = 74*s - 17. Let k(y) = 6*b(y) + 17*g(y). What is the units digit of k(-5)?
7
Let l = 957 - 538. What is the hundreds digit of l?
4
Suppose i - 2*k + 150 = 5*i, i = 5*k + 32. Let c = i + -69. What is the tens digit of (c/(-10))/((-1)/(-5))?
1
What is the units digit of 4850/(-4)*(-4 + -6)/5?
5
Let s(r) = 6*r**2 + 2*r + 1. Let t be s(-1). Let j = -6 - t. Let c = -10 - j. What is the units digit of c?
1
What is the tens digit of (2 - 9) + -1 - -85?
7
Let a(h) = 2 + 2 + 2 - 7*h. Let o be (1680/(-49))/8 - (-4)/14. What is the units digit of a(o)?
4
Let m = -24 + 21. What is the tens digit of (-45)/(-20)*(-36)/m?
2
Suppose 0 = 13*q - 10*q - 9. Suppose -4*t + 3*t - 2*o = -11, 5*o = q*t - 55. What is the tens digit of t?
1
Let b(f) = f**3 + 2*f**2 + 2*f - 33. What is the tens digit of b(8)?
2
What is the units digit of -1096*4/(-2) - 3?
9
Let r be ((-165)/(-22))/((-6)/640). Let k = r + 470. What is the units digit of ((-2)/(-5))/((-3)/k)?
4
Suppose i + 20 = 5*i. Suppose 5*y + i = 0, -g - 2*y = -5*g + 578. Suppose 60 + g = 4*q. What is the units digit of q?
1
Let r = 86 - -52. Suppose -162 = -3*q - 4*s, 2*s = 3*q - 2*s - r. Let i = -13 + q. What is the units digit of i?
7
Let f = 7 - 5. Let h(y) = 27*y + 4. Let k be h(f). Let o = -23 + k. What is the units digit of o?
5
Let x(a) = 2*a**2 - 9*a + 6. Let q(h) = h + 10. Let j be q(15). Let w be (-45)/j*(-10)/3. What is the units digit of x(w)?
4
Suppose 62 + 124 = 3*x. Suppose -x = -2*s + 52. What is the tens digit of s?
5
Let m(f) = 6*f**2 - 2*f + 2. Suppose -r + 0*r + 4*b = 0, 2*r = 3*b - 5. What is the hundreds digit of m(r)?
1
Let w be 824/20*(0 - 10) + 0. Let v = w - -699. What is the hundreds digit of v?
2
Suppose 46*l + 1170 = 49*l. What is the hundreds digit of l?
3
Let c = 15 - 25. Let z = c - 3. Let m = z + 32. What is the tens digit of m?
1
Suppose 34*c - 220 = 23*c. What is the tens digit of c?
2
Let y(b) = b + 5. Let x be y(-5). Let h(f) be the third derivative of -f**4/24 + 5*f**3/6 + 7*f**2. What is the units digit of h(x)?
5
Let v = -246 + 798. What is the tens digit of v?
5
Suppose 2*t + 48 = -2*s, -3*s + 13 + 25 = -2*t. Suppose 5*n = 7 - 27, 3*p - 72 = -3*n. Let a = t + p. What is the units digit of a?
6
Let j(c) = -c + 4. Let y be j(4). What is the hundreds digit of y + -2 + 0 - (-952)/8?
1
Let d = -1198 + 5421. What is the thousands digit of d?
4
Suppose -550 = 5*f - 2165. What is the hundreds digit of f?
3
Let y(s) = s**2 + 15*s + 10. Let g be y(-22). Let j = g + -73. What is the units digit of j?
1
Suppose 4*d + d = 10. Suppose -3*y - d*k + 221 = 0, 3*y = 3*k + 60 + 141. What is the units digit of y?
1
Let 